24)/(-24). What is the highest common factor of r and 16?
8
Let c = 126 - 122. Suppose 4*x - 66 - 210 = -5*m, 16 = c*x. What is the greatest common factor of m and 130?
26
Suppose 2*l + 1604 = 4*o, -56*o + l = -60*o + 1622. Calculate the greatest common divisor of o and 48.
4
Let r = -306 + 306. Let a(u) = -u**2 + 5*u + 33. Let o be a(r). What is the highest common factor of o and 3?
3
Suppose 0 = 2*c - 2*h + 16, -2*c - 25 + 9 = 5*h. Let q(x) = -2*x**2 - 18*x - 11. Let a be q(c). Calculate the highest common factor of a and 65.
5
Let c be (-21)/24*34 + (-2)/8. Let s = 38 + c. Let l = 1127 - 1119. What is the highest common divisor of s and l?
8
Suppose -27*q - 33280 = -60*q - 47*q. Calculate the highest common factor of 512 and q.
32
Suppose -2*w + 141 = w. Let p = 34 + w. Let m(d) = 2*d**3 - d**2 - 6*d + 9. Let b be m(0). What is the greatest common divisor of p and b?
9
Let t = 68 - 69. Let v be 4 + 1 - t - 2. Let r be -16*(3/v)/(3/(-2)). What is the greatest common factor of r and 2?
2
Let s be 727/52 + (-158)/(-8216). Let q(g) = g**3 - g**2 - 2*g - 5. Let t be q(4). Calculate the greatest common divisor of s and t.
7
Let w be (28/(-10))/(-12 - (-118)/10). What is the greatest common factor of 4130 and w?
14
Let r(j) = -7*j**2 - j - 13. Let k be r(-3). Let o = 105 + k. Let v be o + (8 - 4 - 3). What is the highest common factor of v and 44?
11
Let y be (-6)/(399/(-57) + (-8210)/(-1173)). Calculate the highest common divisor of y and 36.
18
Let o(k) = -202*k - 1058. Let g be o(-9). Calculate the highest common factor of 280 and g.
40
Let w(z) = z**3 - 30*z**2 - 17*z - 114. Let b be w(31). Calculate the highest common factor of 10 and b.
10
Let i be 7346/4 + 232/(-464). What is the greatest common divisor of 864 and i?
108
Let j(c) = -c**3 - 3*c**2 + 24*c + 38. Let g be j(-6). Suppose 5*z + 294 = 4*v - 606, 5*v - 1092 = -g*z. Calculate the greatest common divisor of v and 44.
44
Let f(a) = 6*a**2 + 119*a - 641. Let j be f(6). What is the greatest common factor of j and 13?
1
Let g(f) be the third derivative of 5*f**4/24 + 7*f**3/3 + 134*f**2. Let p be g(5). What is the highest common factor of p and 546?
39
Let r(k) = 113*k**3 - 2*k**2 + 1. Let v be r(1). Let y = -43926 - -43961. What is the highest common divisor of y and v?
7
Let z(c) = -31*c - 17. Let b be z(-12). Suppose 17*r = -24*r + 205. Calculate the greatest common factor of b and r.
5
Let p = 36027 - 30285. What is the highest common divisor of p and 9?
9
Let h be (-38)/4*6220/(-10) - (31 + -26). Calculate the highest common factor of h and 96.
48
Suppose 0 = -4*m + 14 + 6. Suppose -2*l + 3*g + 0*g = -31, 5*g + 65 = m*l. Suppose l*k + 15 = 79. What is the highest common factor of 8 and k?
8
Let b(m) = 13*m**3 - 18*m**2 - m + 50. Let f be b(12). What is the greatest common factor of 55 and f?
55
Let a = -32796 + 34321. Calculate the greatest common divisor of a and 2318.
61
Suppose -5*j - 2*o + 8647 = 0, -2*o = -1 + 9. Let a = -1016 + j. Calculate the greatest common divisor of a and 13.
13
Let f be (30/48*-4)/(113/38 + -3). What is the highest common divisor of f and 40?
5
Let w(b) = 342*b**3 + 23*b - 22. Let h be w(1). Calculate the greatest common factor of 7 and h.
7
Let m be (12/18)/((-3)/9). Let y be (-5 - m) + (-186)/2. Let p = -24 - y. Calculate the highest common divisor of p and 8.
8
Let r(w) = 163*w + 2311. Let l be r(-10). What is the greatest common factor of l and 1816?
227
Let b(u) = u**2 + 48*u - 276. Let i be b(-64). Calculate the greatest common divisor of 5049 and i.
187
Suppose 0 = 7*w - 189 - 161. Suppose 4*n + 0*n = 20. Suppose 0 = 4*d - 9*d - n*p + 125, -d - 2*p = -25. Calculate the greatest common divisor of w and d.
25
Let w be ((-5874)/48)/(-11) + (-5)/40. Let f = 266 - -86. What is the highest common factor of f and w?
11
Let z be ((-9)/(-6))/((-1)/(-6)). Suppose u + 4*v = -3*u + 48, -2*u + 3*v + z = 0. Calculate the highest common factor of u and 81.
9
Let m = 240 - 121. Let n = -79 + m. Calculate the highest common factor of 25 and n.
5
Suppose -5*q - 5*z - 360 = 560, 965 = -5*q + 4*z. Let x be -2*(q/(-2))/(-9). Let o = 13 + 8. What is the greatest common factor of x and o?
21
Suppose 11*r - 2 = 13*r, 0 = -11*l + 3*r + 4315. Calculate the highest common divisor of l and 1400.
56
Let j = 206 + 74. Calculate the highest common divisor of j and 4032.
56
Let g = -29007 - -30569. Let i(k) = -2*k**3 - 4*k**2 - k + 1. Let t be i(-3). Calculate the greatest common divisor of t and g.
22
Let m be (-12)/(-10)*(-130)/39. Let z be (0 - (4 + m)) + 6. Calculate the greatest common factor of 96 and z.
6
Let u(z) = -2*z**3 - 2*z**2 - z - 5. Let m be (22 + -25)/(1/1). Let c be u(m). Calculate the greatest common factor of 221 and c.
17
Let r(o) = 6*o**2 - 40*o + 81. Let q be r(-14). Calculate the highest common factor of q and 1081.
23
Suppose -23*c - 3*l = -28*c + 556, 548 = 5*c + l. Let z(a) = -a**3 - 3*a**2 - 4*a + 1. Let k be z(-4). What is the highest common divisor of c and k?
11
Let c = 869 + -379. Suppose z = 10, u + 8362*z - 130 = 8363*z. Calculate the highest common divisor of c and u.
70
Let h(x) = -x**3 - x**2 + 10. Let f be h(0). Suppose 5*v + 318 + 486 = 4*l, -324 = 2*v - 4*l. Let j = 270 + v. What is the greatest common divisor of f and j?
10
Let z be 29/(928/760)*(2 + 22). What is the highest common factor of 798 and z?
114
Suppose 3*s + 8 = 4*s. Let v(y) = -y**3 + 33*y**2 - 63*y + 34. Let u be v(31). Let x be 7 - 1 - 2/u*-21. What is the greatest common divisor of s and x?
4
Suppose 0 = y - 240 - 860. Let n(h) = -2*h**2 + 51*h - 120. Let f be n(20). Calculate the highest common factor of y and f.
100
Let o = 5 + -198. Let l = o + 273. Let s = 82 - l. What is the greatest common factor of s and 7?
1
Let t(o) = -46*o - 964. Let y be t(-21). What is the highest common divisor of 7 and y?
1
Let j(v) = -6*v**2 - 89*v + 16. Suppose 10*z = -47 - 103. Let l be j(z). Calculate the greatest common divisor of 49 and l.
1
Let p be (2/13 - 588/(-234))*138 - -3. Calculate the greatest common factor of p and 63.
7
Let l be ((-60)/(-4) - 1387)/(-1 - 1). What is the highest common divisor of l and 147?
49
Let d(t) = -t**2 + 12*t + 12. Let c be d(9). Suppose -2*q + 2*g = 26, 2*q + 5*g + 10 = -30. Let h = q + c. What is the highest common divisor of 12 and h?
12
Suppose 0 = -3*w - 5*s + 91, -3*w + s + 62 = 1. Suppose 0 = -3*v + 50 + w. What is the greatest common divisor of 39 and v?
3
Let l(r) = 57*r**2 + 147*r - 172*r - 3 + 28. Let n be l(1). What is the greatest common divisor of 361 and n?
19
Let a be 3857/(-174)*115/(-35) - (-2)/12. What is the greatest common divisor of a and 876?
73
Suppose -o - 12 = -0*i + i, -2*i - 4*o - 26 = 0. Let j = i + 10. Let z be 0 + 0 + j + 393. Calculate the greatest common divisor of z and 49.
49
Suppose 2085*j = 40588 + 16298 + 16089. Suppose 2*n + 417 - 1607 = 0. Calculate the highest common factor of j and n.
35
Let x be 0 - (-5)/((-10)/(-2))*5. Let d be (2 + 37)/((15/9)/x). What is the highest common factor of 663 and d?
39
Let c(a) be the first derivative of a**4/4 + 19*a**3/3 + 15*a**2 - 8*a - 58. Let s be c(-15). What is the greatest common factor of s and 34?
34
Let p(g) = -1559*g - 2136. Let a be p(-7). What is the greatest common factor of a and 67?
67
Suppose -5*r + 41*f = 36*f - 4140, 2*f = -5*r + 4140. Calculate the greatest common divisor of 756 and r.
36
Let m = -8 - -11. Suppose m*u = -2*y + y + 3, 2*u - 54 = -5*y. Suppose 2 = -4*b + 5*o + 54, 3*b = 3*o + 42. What is the highest common divisor of y and b?
6
Let z(k) = 2*k**2 - 5*k - 37. Let t be z(6). Suppose 0 = g - f - 7, 0 = -g - t*f - 87 + 70. What is the highest common divisor of g and 147?
3
Let k(h) = -33*h - 621. Let r be k(-29). What is the highest common divisor of r and 1456?
112
Let p be (((-6930)/(-44))/(-21))/((-3)/978). Calculate the greatest common factor of 255 and p.
15
Let n = -3 + 7. Suppose 5*k + 30 = 4*s + 1, n*k = -3*s + 14. Let c = -329 - -338. What is the highest common factor of c and s?
3
Let g(i) = 40*i - 1077. Let k be g(27). Let d(m) = -m**3 - 6*m**2 + 2*m - 8. Let w be d(-7). Calculate the greatest common factor of w and k.
3
Suppose 27*u + 6331 + 2363 = 0. Let r = u - -335. What is the greatest common factor of 91 and r?
13
Suppose 4*l 